d by 114.
95
Calculate the remainder when 1878 is divided by 99.
96
What is the remainder when 227 is divided by 25?
2
Calculate the remainder when 16637 is divided by 130.
127
Calculate the remainder when 315 is divided by 40.
35
What is the remainder when 205 is divided by 52?
49
Calculate the remainder when 9553 is divided by 5.
3
Calculate the remainder when 656 is divided by 17.
10
Calculate the remainder when 320 is divided by 71.
36
What is the remainder when 750 is divided by 701?
49
Calculate the remainder when 205 is divided by 52.
49
What is the remainder when 2760 is divided by 198?
186
What is the remainder when 1120 is divided by 138?
16
What is the remainder when 47 is divided by 5?
2
What is the remainder when 649 is divided by 5?
4
Calculate the remainder when 298 is divided by 60.
58
What is the remainder when 343 is divided by 119?
105
What is the remainder when 571 is divided by 186?
13
Calculate the remainder when 17710 is divided by 9.
7
What is the remainder when 7318 is divided by 14?
10
Calculate the remainder when 649 is divided by 90.
19
Calculate the remainder when 60 is divided by 22.
16
Calculate the remainder when 765 is divided by 378.
9
What is the remainder when 32 is divided by 3?
2
What is the remainder when 6029 is divided by 134?
133
Calculate the remainder when 67 is divided by 5.
2
What is the remainder when 698 is divided by 172?
10
What is the remainder when 1968 is divided by 216?
24
What is the remainder when 8373 is divided by 8?
5
What is the remainder when 229 is divided by 103?
23
Calculate the remainder when 1952 is divided by 163.
159
Calculate the remainder when 1757 is divided by 584.
5
Calculate the remainder when 1996 is divided by 1984.
12
What is the remainder when 116 is divided by 17?
14
What is the remainder when 276 is divided by 97?
82
Calculate the remainder when 2937 is divided by 65.
12
Calculate the remainder when 99 is divided by 15.
9
Calculate the remainder when 272 is divided by 38.
6
What is the remainder when 263 is divided by 11?
10
What is the remainder when 2393 is divided by 35?
13
Calculate the remainder when 756 is divided by 199.
159
What is the remainder when 79 is divided by 16?
15
What is the remainder when 276 is divided by 92?
0
Calculate the remainder when 3132 is divided by 32.
28
What is the remainder when 95 is divided by 7?
4
What is the remainder when 153 is divided by 5?
3
What is the remainder when 984 is divided by 957?
27
What is the remainder when 254 is divided by 52?
46
Calculate the remainder when 1917 is divided by 639.
0
Calculate the remainder when 208 is divided by 201.
7
What is the remainder when 524 is divided by 66?
62
What is the remainder when 246 is divided by 44?
26
Calculate the remainder when 19 is divided by 5.
4
Calculate the remainder when 125 is divided by 96.
29
What is the remainder when 470 is divided by 465?
5
Calculate the remainder when 618 is divided by 56.
2
Calculate the remainder when 344 is divided by 68.
4
Calculate the remainder when 127 is divided by 13.
10
Calculate the remainder when 344 is divided by 112.
8
What is the remainder when 50 is divided by 6?
2
What is the remainder when 164 is divided by 55?
54
Calculate the remainder when 661 is divided by 210.
31
What is the remainder when 173 is divided by 47?
32
Calculate the remainder when 3816 is divided by 201.
198
Calculate the remainder when 1396 is divided by 12.
4
Calculate the remainder when 1445 is divided by 161.
157
What is the remainder when 2315 is divided by 578?
3
Calculate the remainder when 1168 is divided by 90.
88
What is the remainder when 1186 is divided by 35?
31
What is the remainder when 1415 is divided by 12?
11
What is the remainder when 340 is divided by 97?
49
Calculate the remainder when 1262 is divided by 23.
20
What is the remainder when 46 is divided by 13?
7
Calculate the remainder when 280 is divided by 99.
82
Calculate the remainder when 5128 is divided by 42.
4
What is the remainder when 681 is divided by 14?
9
Calculate the remainder when 2030 is divided by 19.
16
Calculate the remainder when 346 is divided by 93.
67
Calculate the remainder when 1585 is divided by 49.
17
What is the remainder when 49 is divided by 32?
17
What is the remainder when 3775 is divided by 59?
58
What is the remainder when 444 is divided by 75?
69
What is the remainder when 123 is divided by 22?
13
What is the remainder when 158 is divided by 26?
2
What is the remainder when 244 is divided by 82?
80
Calculate the remainder when 1225 is divided by 77.
70
Calculate the remainder when 866 is divided by 172.
6
Calculate the remainder when 908 is divided by 48.
44
Calculate the remainder when 40 is divided by 2.
0
Calculate the remainder when 4639 is divided by 1157.
11
Calculate the remainder when 129 is divided by 31.
5
What is the remainder when 215 is divided by 84?
47
Calculate the remainder when 155 is divided by 41.
32
Calculate the remainder when 995 is divided by 246.
11
Calculate the remainder when 45 is divided by 22.
1
Calculate the remainder when 549 is divided by 138.
135
What is the remainder when 46 is divided by 8?
6
Calculate the remainder when 143 is divided by 18.
17
Calculate the remainder when 1408 is divided by 7.
1
Calculate the remainder when 192 is divided by 45.
12
What is the remainder when 3457 is divided by 13?
12
What is the remainder when 221 is divided by 194?
27
What is the remainder when 160 is divided by 35?
20
Calculate the remainder when 125 is divided by 68.
57
What is the remainder when 2684 is divided by 14?
10
What is the remainder when 1074 is divided by 18?
12
What is the remainder when 125 is divided by 3?
2
What is the remainder when 274 is divided by 6?
4
What is the remainder when 1463 is divided by 728?
7
What is the remainder when 442 is divided by 123?
73
What is the remainder when 265 is divided by 69?
58
What is the remainder when 1487 is divided by 244?
23
Calculate the remainder when 439 is divided by 40.
39
Calculate the remainder when 364 is divided by 73.
72
What is the remainder when 234 is divided by 74?
12
Calculate the remainder when 145 is divided by 82.
63
Calculate the remainder when 6 is divided by 1.
0
Calculate the remainder when 1319 is divided by 112.
87
What is the remainder when 485 is divided by 17?
9
What is the remainder when 605 is divided by 75?
5
Calculate the remainder when 11 is divided by 4.
3
What is the remainder when 1501 is divided by 16?
13
Calculate the remainder when 127 is divided by 34.
25
Calculate the remainder when 541 is divided by 128.
29
Calculate the remainder when 219 is divided by 37.
34
What is the remainder when 195 is divided by 67?
61
What is the remainder when 543 is divided by 108?
3
What is the remainder when 3429 is divided by 13?
10
Calculate the remainder when 299 is divided by 219.
80
Calculate the remainder when 17 is divided by 6.
5
Calculate the remainder when 960 is divided by 121.
113
What is the remainder when 114 is divided by 59?
55
What is the remainder when 291 is divided by 40?
11
What is the remainder when 95 is divided by 33?
29
What is the remainder when 286 is divided by 16?
14
Calculate the remainder when 52 is divided by 12.
4
Calculate the remainder when 286 is divided by 8.
6
What is the remainder when 89 is divided by 42?
5
What is the remainder when 174 is divided by 46?
36
What is the remainder when 36 is divided by 22?
14
What is the remainder when 1352 is divided by 54?
2
Calculate the remainder when 352 is divided by 92.
76
What is the remainder when 253 is divided by 28?
1
What is the remainder when 961 is divided by 138?
133
What is the remainder when 309 is divided by 68?
37
Calculate the remainder when 784 is divided by 10.
4
Calculate the remainder when 24 is divided by 21.
3
What is the remainder when 57 is divided by 6?
3
What is the remainder when 106 is divided by 34?
4
Calculate the remainder when 69 is divided by 8.
5
What is the remainder when 118 is divided by 17?
16
What is the remainder when 55 is divided by 28?
27
Calculate the remainder when 943 is divided by 16.
15
Calculate the remainder when 841 is divided by 141.
136
Calculate the remainder when 954 is divided by 29.
26
What is the remainder when 17